{"id":516,"date":"2014-09-22T20:29:51","date_gmt":"2014-09-22T20:29:51","guid":{"rendered":"https:\/\/difusionnautica.com\/?page_id=516"},"modified":"2017-05-15T15:26:32","modified_gmt":"2017-05-15T15:26:32","slug":"anuncio-de-la-regata","status":"publish","type":"page","link":"https:\/\/legacy.100x100.net\/projects\/difusionautica\/regata-mil-millas\/anuncio-de-la-regata\/","title":{"rendered":"Anuncio de  regata"},"content":{"rendered":"<p><strong>ANUNCIO DE REGATA 2017<\/strong><\/p>\n<p>La <strong>REGATA MIL MILLAS<\/strong>, es prueba puntuable para el\u00a0<span style=\"text-decoration: underline;\"><strong>Campeonato de Espa\u00f1a y de Catalunya de Altura 2017<\/strong><\/span>, <strong>Trofeo Club N\u00e0utic Ciutadella<\/strong>\u00a0-en el tramo entre la salida del Port Ol\u00edmpic de Barcelona y la boya de paso frente el Puerto de Ciutadella- y <span style=\"text-decoration: underline;\"><strong>Trofeo RANC Altura.<\/strong><\/span><\/p>\n<p><strong>CAMPEONATO DE ESPA\u00d1A y CATALUNYA DE ALTURA<\/strong><br \/>\n\u2013 Crucero ORC Solitarios<br \/>\n\u2013 Crucero ORC A-Dos<br \/>\n\u2013 Crucero ORC Tripulaci\u00f3n Completa<\/p>\n<p>La Salida est\u00e1 prevista para el 15 de julio de 2017, organizada por el Club N\u00e1utico Skipper (CNS) y la Real Federaci\u00f3n Espa\u00f1ola de Vela (RFEV) con la colaboraci\u00f3n del Club N\u00e1utico Ciutadella (CNC), la Federaci\u00f3 Catalana de Vela (FCV), la Fundaci\u00f2 Navegaci\u00f2 Oce\u00e1nica y el Port Ol\u00edmpic Barcelona y la RANC-Real Asociaci\u00f3n Nacional de Cruceros.<\/p>\n<p><strong>1 LUGAR Y RECORRIDO.<\/strong><br \/>\nLa <strong>REGATA MIL MILLAS<\/strong> \u2013 se celebrar\u00e1 en aguas de Catalu\u00f1a , Baleares, Cerde\u00f1a y C\u00f3rcega, teniendo su salida en las proximidades del Port Ol\u00edmpic, pasando por un control de paso en Ciutadella, para dirigirse al sur de Cerde\u00f1a ( Cagliari ), Control de Paso en Bonifacio, Sur de Menorca y llegada en el Port Olimpic (sin escalas), aprox. 1000 millas \u201cnon stop\u201d.<\/p>\n<p><strong>2 REGLAS.<\/strong><br \/>\n2.1 La regata se regir\u00e1 por:<br \/>\na) El Reglamento de Regatas a Vela de la ISAF 2017 \u2013 2020.<br \/>\nb) El Reglamento de Medici\u00f3n ORC en vigor<br \/>\nc) El Reglamento de Medici\u00f3n RI en vigor<br \/>\nd) El Reglamento de Prevenci\u00f3n de Abordajes en el Mar (R.I.P.A.M.)<br \/>\ne) Las Reglas Especiales para regatas de Alta Mar del Offshore Racing Council (O.R.C.) para regatas de Categor\u00eda 2, con Balsa Salvavidas y radio baliza de salvamento.<br \/>\nf) El reglamento de seguridad de la ISAF Special Regulations \u2013 Secci\u00f3n 6 (Training)<br \/>\ng) El Real Decreto 62\/2008 de 25 de enero de 2008.<br \/>\nh) El presente Anuncio de Regata y las Instrucciones de Regata.<br \/>\nLas Instrucciones de Regata se entregar\u00e1n al formalizar la inscripci\u00f3n.<\/p>\n<p><strong>3 PUBLICIDAD.<\/strong><br \/>\n3.1 Los participantes en la regata podr\u00e1n exhibir publicidad de acuerdo con la Reglamentaci\u00f3n 20 de la ISAF.<br \/>\n3.2 Conforme a la Reglamentaci\u00f3n 20.3. d (i) del RRV, se exige a los participantes exhibir una pegatina, con el logotipo que indique el Comit\u00e9 Organizador, en el 20% delantero del casco, en cada costado del barco, que ser\u00e1n proporcionadas por la Autoridad Organizadora.<\/p>\n<p><strong>4 ELEGIBILIDAD.<\/strong><br \/>\n4.1 Los participantes deber\u00e1n cumplir las condiciones de elegibilidad reflejadas en el la Reglamentaci\u00f3n 19 de la ISAF.<br \/>\n4.2 Los participantes de nacionalidad extranjera o con residencia legal en Espa\u00f1a o que compitan en barcos adscritos a un Club espa\u00f1ol, deber\u00e1n estar en posesi\u00f3n de la licencia federativa de deportista para el a\u00f1o 2017.<\/p>\n<p><strong>5 PARTICIPANTES.<\/strong><br \/>\n5.1 Podr\u00e1n participar en esta regata:<\/p>\n<p><strong>CAMPEONATO DE ESPA\u00d1A DE ALTURA<\/strong>: Barcos con Certificado de Medici\u00f3n ORC para 2017<\/p>\n<p>Se establecen las siguientes Clases:<br \/>\n\u2013 Solitarios, 1 solo tripulante, medici\u00f3n ORC<br \/>\n\u2013 A-Dos, 2 tripulantes, medici\u00f3n ORC<br \/>\n\u2013 Tripulaci\u00f3n Completa, medici\u00f3n ORC<\/p>\n<p><strong>TROFEO RANC ALTURA MIL MILLAS<\/strong> Barcos con Certificado de Medici\u00f3n RI para 2017.<\/p>\n<p>Se establecen las siguientes Clases:<br \/>\n\u2013 Solitarios, 1 solo tripulante, medici\u00f3n RI<br \/>\n\u2013 A-Dos, 2 tripulantes, medici\u00f3n RI<br \/>\n\u2013 Tripulaci\u00f3n Completa, medici\u00f3n RI<\/p>\n<p><strong>6 INSCRIPCIONES<\/strong><br \/>\n6.1 Las solicitudes se formalizar\u00e1n, antes del 6 de julio de 2017 a las 18:00 horas (fecha l\u00edmite) a: Difusi\u00f3n N\u00e1utica \u2013 Consell de Cent 398 bajos Fax. 93 3184528 mail: <u>inscripciones@difusionnautica.com<\/u><\/p>\n<p>6.1.1 Los derechos de inscripci\u00f3n son los siguientes para todas las clases:<br \/>\n<strong>Solitarios<\/strong>: 250-\u20ac +21%IVA<br \/>\n<strong>A-2<\/strong>: 300-\u20ac +21%IVA<br \/>\n<strong>Tripulaci\u00f3n Completa<\/strong>: Hasta 12 m: 400-\u20ac +21%IVA<br \/>\nDe + 12 m a 14 m: 500-\u20ac +21%IVA<br \/>\n+ De 14 m: 600-\u20ac +21%IVA<\/p>\n<p>6.1.2 El pago de los derechos de inscripci\u00f3n se realizar\u00e1 mediante transferencia bancaria realizada a la cuenta corriente:<br \/>\nDifusi\u00f3n N\u00e1utica S.L. \u2013 Banco Popular Espa\u00f1ol -0075-0002-22\u20130505111682 Concepto: <strong>MIL MILLAS Y NOMBRE DE BARCO<\/strong><\/p>\n<p>6.1.3 El Comit\u00e9 Organizador se reserva el derecho de admitir solicitudes que se reciban despu\u00e9s de la fecha l\u00edmite de inscripci\u00f3n, con un recargo del 50% de los derechos de inscripci\u00f3n.<\/p>\n<p>6.1.4 Una vez aceptada la inscripci\u00f3n, el Comit\u00e9 Organizador no se hace responsable de los gastos que suponga la no asistencia a la <strong>REGATA MIL MILLAS<\/strong><\/p>\n<p>6.1.5 No se admitir\u00e1n certificados de rating m\u00e1s tarde de las 18:00 horas del d\u00eda 13 de Julio de 2017 (modifica la regla 78.2 del RRV).<\/p>\n<p>6.2 Confirmaci\u00f3n de inscripci\u00f3n<\/p>\n<p>6.2.1 El armador o responsable de cada barco deber\u00e1 registrarse y firmar personalmente el Formulario de Registro en la Oficina de Regatas antes de las 18:00 horas del d\u00eda 14 de julio de 2017.<\/p>\n<p>6.2.2 El Registro queda condicionado a la presentaci\u00f3n antes de la hora se\u00f1alada de los siguientes documentos:<br \/>\na) Certificado v\u00e1lido de Medici\u00f3n ORC o RI de 2017.<br \/>\nb) P\u00f3liza de seguros en vigor, que cubra responsabilidad civil (da\u00f1os a terceras personas y bienes) o Ampliaci\u00f3n de cobertura de responsabilidad civil y da\u00f1os a terceros hasta una cuant\u00eda m\u00ednima de 301.012,- Euros.<br \/>\nc) En caso de exhibir publicidad, autorizaci\u00f3n de la correspondiente Autoridad Nacional, para la Exhibici\u00f3n de publicidad.<br \/>\nd) Los participantes de nacionalidad extranjera o con residencia legal en Espa\u00f1a o que compitan en barcos adscritos a un Club espa\u00f1ol, deber\u00e1n estar en posesi\u00f3n de la licencia federativa de deportista para el a\u00f1o 2017.<br \/>\ne) Relaci\u00f3n de tripulantes con n\u00famero de Pasaporte o DNI y n\u00famero de tel\u00e9fono de contacto en tierra y en el Mar.<br \/>\nf) Certificado de Revisi\u00f3n de la Balsa Salvavidas.<br \/>\ng) N\u00famero de tel\u00e9fono que los barcos llevar\u00e1n a bordo.<br \/>\nh) Certificado homologaci\u00f3n de la radio baliza<br \/>\ni) Fotocopia del certificado de navegabilidad.<br \/>\nj) Fotocopia de la titulaci\u00f3n del patr\u00f3n<br \/>\nk) Certificado ISAF de Seguridad y Salvamento Mar\u00edtimo (Special Regulations)<br \/>\nSe informa a todos los participantes sobre las Reglamentaciones Locales de Marina que disponen:<br \/>\n<strong>\u201cEl Real Decreto 62\/2008 dispone de las condiciones de seguridad mar\u00edtima, navegaci\u00f3n y de la vida humana en el mar aplicables a las pruebas n\u00e1utico deportivas\u201d.<\/strong><br \/>\nSe advierte a los participantes, antes del inicio de las pruebas, que las embarcaciones s\u00f3lo podr\u00e1n participar si est\u00e1n reglamentariamente despachadas para navegar por las aguas por las que transcurrir\u00e1 la prueba, y si sus patrones cuentan con la titulaci\u00f3n suficiente para su gobierno.<br \/>\nLos participantes deben declarar, con una adecuada antelaci\u00f3n al inicio de la prueba, de los seguros suscritos, en su caso, con inclusi\u00f3n de los riesgos cubiertos y los l\u00edmites de responsabilidad de acuerdo con el Anuncio de Regata, estando cubiertos para la participaci\u00f3n en pruebas n\u00e1utico-deportivas\u201d.<\/p>\n<p><strong>7 PROGRAMA.<\/strong><br \/>\n7.1 El programa del evento es el siguiente:<\/p>\n<p><strong>13 de Julio<\/strong> Apertura Oficina de Regatas.\u00a0Confirmaci\u00f3n de Inscripciones.<br \/>\n<strong>14 de Julio<\/strong> Apertura Oficina de Regatas. A las 18.00 horas Reuni\u00f3n de Patrones.\u00a0A las 20.00 horas Cena Despedida a los regatistas en la Fonda del Port Ol\u00edmpic<br \/>\n<strong>15 de Julio<\/strong> A las 12.00 horas Se\u00f1al de Atenci\u00f3n.<\/p>\n<p><strong>8 INVENTARIO DE VELAS, INSPECCI\u00d3N Y MEDICI\u00d3N.<\/strong><br \/>\n8.1 Durante la regata no se podr\u00e1 llevar m\u00e1s velas de las indicadas en el Reglamento de la Clase correspondiente.<br \/>\n8.2 Se realizar\u00e1n controles de Seguridad y Medici\u00f3n antes y\/o despu\u00e9s de la Regata.<br \/>\n8.3 Las embarcaciones participantes estar\u00e1n a disposici\u00f3n del Comit\u00e9 Organizador desde el d\u00eda 12 de julio a las 10:00 horas, para su inspecci\u00f3n de seguridad y se podr\u00e1n precintar motores.<\/p>\n<p><strong>9 PUNTUACION.<\/strong><br \/>\n9.1 Se aplicar\u00e1 el Ap\u00e9ndice A y el Sistema de Puntuaci\u00f3n Baja descrito en la regla A 4.1 del RRV.<\/p>\n<p><strong>10 CLASIFICACIONES.<\/strong><br \/>\n10.1 Los barcos correr\u00e1n bajo formula de compensaci\u00f3n \u201ctiempo sobre distancia\u201d.<\/p>\n<p>10.2 Habr\u00e1 una clasificaci\u00f3n para cada Clase con sus divisiones correspondientes para 2017.<\/p>\n<p>10.3 Habr\u00e1 una clasificaci\u00f3n para el paso de boya en Ciutadella.<\/p>\n<p><strong>11 SEGURIDAD.<\/strong><br \/>\n11.1 La seguridad de esta regata estar\u00e1 considerada como de Categor\u00eda 2 de acuerdo con las Reglas Especiales para Regatas de Alta Mar en vigor, con Balsa Salvavidas y radio baliza de salvamento.<br \/>\n11.2 Todos los barcos tendr\u00e1n que estar equipados con una radio VHF con una potencia m\u00ednima de 25 W. Adem\u00e1s llevaran a bordo un tel\u00e9fono m\u00f3vil, cuyo n\u00famero facilitar\u00e1n a la organizaci\u00f3n.<br \/>\n11.3 Ser\u00e1 responsabilidad del armador de cada barco cumplir con las reglas legales previstas para las embarcaciones de recreo, tanto con car\u00e1cter general como en especial para su gobierno, despacho y seguridad.<\/p>\n<p><strong>12 TROFEOS<\/strong><br \/>\nSe anunciaran en las instrucciones de regata y en el Tabl\u00f3n Oficial de Avisos (TOA)<\/p>\n<p><strong>13 ATRAQUES<\/strong><br \/>\nLos barcos participantes tendr\u00e1n un amarre reservado en el Port Ol\u00edmpic de Barcelona, desde una semana antes de la salida, hasta una semana despu\u00e9s de su llegada.<\/p>\n<p><strong>14 RESPONSABILIDAD<\/strong><br \/>\nTodos los que participan en la <strong>REGATA MIL MILLAS<\/strong>, lo hacen bajo su responsabilidad.<br \/>\nEl Comit\u00e9 Organizador o cualquier Organismo involucrado en la organizaci\u00f3n del evento rechazan responsabilidad alguna por p\u00e9rdidas, da\u00f1os, lesiones o molestias que pudieran acaecer a personas o cosas, tanto en tierra como en mar, como consecuencia de la participaci\u00f3n.<br \/>\nSe llama la atenci\u00f3n sobre la Regla Fundamental 4, DECISION DE REGATEAR, de la parte 1 del RRV, que establece:<\/p>\n<p><em><strong>\u2018Es de exclusiva responsabilidad de un barco decidir si participa en una prueba o contin\u00faa en Regata\u2019.<\/strong><\/em><\/p>\n<p><span style=\"font-family: Calibri, serif;\"><span style=\"font-size: medium;\"><span lang=\"es-ES\"><i><b><a href=\"https:\/\/difusionnautica.com\/wp-content\/uploads\/2014\/09\/ANUNCIO-DE-REGATA-2015-Mil-MillasWEB-8.jpg\"><img loading=\"lazy\" decoding=\"async\" class=\"aligncenter size-full wp-image-620\" src=\"https:\/\/difusionnautica.com\/wp-content\/uploads\/2014\/09\/ANUNCIO-DE-REGATA-2015-Mil-MillasWEB-8.jpg\" alt=\"MAPA REGATA MIL MILLAS\" width=\"1024\" height=\"757\" srcset=\"https:\/\/legacy.100x100.net\/projects\/difusionautica\/wp-content\/uploads\/2014\/09\/ANUNCIO-DE-REGATA-2015-Mil-MillasWEB-8.jpg 1024w, https:\/\/legacy.100x100.net\/projects\/difusionautica\/wp-content\/uploads\/2014\/09\/ANUNCIO-DE-REGATA-2015-Mil-MillasWEB-8-300x221.jpg 300w\" sizes=\"auto, (max-width: 1024px) 100vw, 1024px\" \/><\/a> <\/b><\/i><\/span><\/span><\/span><\/p>\n","protected":false},"excerpt":{"rendered":"<p>ANUNCIO DE REGATA 2017 La REGATA MIL MILLAS, es prueba puntuable para el\u00a0Campeonato de Espa\u00f1a y de Catalunya de Altura 2017, Trofeo Club N\u00e0utic Ciutadella\u00a0-en el tramo entre la salida del Port Ol\u00edmpic de Barcelona y la boya de paso &hellip; <a href=\"https:\/\/legacy.100x100.net\/projects\/difusionautica\/regata-mil-millas\/anuncio-de-la-regata\/\">Sigue leyendo <span class=\"meta-nav\">&rarr;<\/span><\/a><\/p>\n","protected":false},"author":1,"featured_media":620,"parent":507,"menu_order":0,"comment_status":"closed","ping_status":"closed","template":"page_MIL-MILLAS.php","meta":{"footnotes":""},"class_list":["post-516","page","type-page","status-publish","has-post-thumbnail","hentry"],"aioseo_notices":[],"_links":{"self":[{"href":"https:\/\/legacy.100x100.net\/projects\/difusionautica\/wp-json\/wp\/v2\/pages\/516","targetHints":{"allow":["GET"]}}],"collection":[{"href":"https:\/\/legacy.100x100.net\/projects\/difusionautica\/wp-json\/wp\/v2\/pages"}],"about":[{"href":"https:\/\/legacy.100x100.net\/projects\/difusionautica\/wp-json\/wp\/v2\/types\/page"}],"author":[{"embeddable":true,"href":"https:\/\/legacy.100x100.net\/projects\/difusionautica\/wp-json\/wp\/v2\/users\/1"}],"replies":[{"embeddable":true,"href":"https:\/\/legacy.100x100.net\/projects\/difusionautica\/wp-json\/wp\/v2\/comments?post=516"}],"version-history":[{"count":0,"href":"https:\/\/legacy.100x100.net\/projects\/difusionautica\/wp-json\/wp\/v2\/pages\/516\/revisions"}],"up":[{"embeddable":true,"href":"https:\/\/legacy.100x100.net\/projects\/difusionautica\/wp-json\/wp\/v2\/pages\/507"}],"wp:featuredmedia":[{"embeddable":true,"href":"https:\/\/legacy.100x100.net\/projects\/difusionautica\/wp-json\/wp\/v2\/media\/620"}],"wp:attachment":[{"href":"https:\/\/legacy.100x100.net\/projects\/difusionautica\/wp-json\/wp\/v2\/media?parent=516"}],"curies":[{"name":"wp","href":"https:\/\/api.w.org\/{rel}","templated":true}]}}