{"id":4887,"date":"2021-01-15T11:27:12","date_gmt":"2021-01-15T11:27:12","guid":{"rendered":"https:\/\/difusionnautica.com\/?page_id=4887"},"modified":"2021-01-15T11:27:15","modified_gmt":"2021-01-15T11:27:15","slug":"flota-charter","status":"publish","type":"page","link":"https:\/\/legacy.100x100.net\/projects\/difusionautica\/flota-charter\/","title":{"rendered":"FLOTA CHARTER"},"content":{"rendered":"\n<p><a href=\"https:\/\/difusionnautica.com\/wp-content\/uploads\/2016\/12\/catamaran-3.jpg\"><img loading=\"lazy\" decoding=\"async\" class=\"alignnone size-full wp-image-1763\" src=\"https:\/\/difusionnautica.com\/wp-content\/uploads\/2016\/12\/catamaran-3.jpg\" alt=\"\" width=\"600\" height=\"399\" srcset=\"https:\/\/legacy.100x100.net\/projects\/difusionautica\/wp-content\/uploads\/2016\/12\/catamaran-3.jpg 600w, https:\/\/legacy.100x100.net\/projects\/difusionautica\/wp-content\/uploads\/2016\/12\/catamaran-3-300x200.jpg 300w, https:\/\/legacy.100x100.net\/projects\/difusionautica\/wp-content\/uploads\/2016\/12\/catamaran-3-320x213.jpg 320w, https:\/\/legacy.100x100.net\/projects\/difusionautica\/wp-content\/uploads\/2016\/12\/catamaran-3-350x233.jpg 350w, https:\/\/legacy.100x100.net\/projects\/difusionautica\/wp-content\/uploads\/2016\/12\/catamaran-3-200x133.jpg 200w, https:\/\/legacy.100x100.net\/projects\/difusionautica\/wp-content\/uploads\/2016\/12\/catamaran-3-301x200.jpg 301w, https:\/\/legacy.100x100.net\/projects\/difusionautica\/wp-content\/uploads\/2016\/12\/catamaran-3-120x80.jpg 120w\" sizes=\"auto, (max-width: 600px) 100vw, 600px\" \/><\/a><\/p>\n<p>Somos especialistas en la organizaci\u00f3n y coordinaci\u00f3n de flotas para eventos. La experiencia en la <strong>Copa del Rey<\/strong>, el <strong>Circuito de TP52<\/strong> y en <strong>Puig Vela Cl\u00e1sicos<\/strong> nos avala.\u00a0<\/p>\n<p>Contacta con Laura Curt o Andr\u00e9s Oliva en el 93 318 01 01, expl\u00edcanos los detalles del evento y te asesoraremos sobre las mejores soluciones preparando un presupuesto adaptado a tus necesidades.<\/p>\n","protected":false},"excerpt":{"rendered":"<p>Somos especialistas en la organizaci\u00f3n y coordinaci\u00f3n de flotas para eventos. La experiencia en la Copa del Rey, el Circuito de TP52 y en Puig Vela Cl\u00e1sicos nos avala.\u00a0 Contacta con Laura Curt o Andr\u00e9s Oliva en el 93 318 &hellip; <a href=\"https:\/\/legacy.100x100.net\/projects\/difusionautica\/flota-charter\/\">Sigue leyendo <span class=\"meta-nav\">&rarr;<\/span><\/a><\/p>\n","protected":false},"author":1,"featured_media":1763,"parent":0,"menu_order":0,"comment_status":"closed","ping_status":"closed","template":"page_ALQUILER-CATAMARAN.php","meta":{"footnotes":""},"class_list":["post-4887","page","type-page","status-publish","has-post-thumbnail","hentry"],"aioseo_notices":[],"_links":{"self":[{"href":"https:\/\/legacy.100x100.net\/projects\/difusionautica\/wp-json\/wp\/v2\/pages\/4887","targetHints":{"allow":["GET"]}}],"collection":[{"href":"https:\/\/legacy.100x100.net\/projects\/difusionautica\/wp-json\/wp\/v2\/pages"}],"about":[{"href":"https:\/\/legacy.100x100.net\/projects\/difusionautica\/wp-json\/wp\/v2\/types\/page"}],"author":[{"embeddable":true,"href":"https:\/\/legacy.100x100.net\/projects\/difusionautica\/wp-json\/wp\/v2\/users\/1"}],"replies":[{"embeddable":true,"href":"https:\/\/legacy.100x100.net\/projects\/difusionautica\/wp-json\/wp\/v2\/comments?post=4887"}],"version-history":[{"count":0,"href":"https:\/\/legacy.100x100.net\/projects\/difusionautica\/wp-json\/wp\/v2\/pages\/4887\/revisions"}],"wp:featuredmedia":[{"embeddable":true,"href":"https:\/\/legacy.100x100.net\/projects\/difusionautica\/wp-json\/wp\/v2\/media\/1763"}],"wp:attachment":[{"href":"https:\/\/legacy.100x100.net\/projects\/difusionautica\/wp-json\/wp\/v2\/media?parent=4887"}],"curies":[{"name":"wp","href":"https:\/\/api.w.org\/{rel}","templated":true}]}}